3
Let b = 27562 + 2114. List the prime factors of b.
2, 3, 2473
Suppose -16*y = -3*p - 11*y + 8247, 2*p = 4*y + 5502. What are the prime factors of p?
3, 11, 83
Suppose r + 2*d - 5110 = 0, -4*r - 17*d + 22*d + 20466 = 0. What are the prime factors of r?
2, 2557
What are the prime factors of 1 - (20/24 - 7/((-84)/(-217474)))?
3, 7, 863
Suppose 0 = 3*v - 2*v + 12. Let m(l) be the third derivative of -l**6/120 - l**5/6 + 2*l**4/3 + l**3/2 + 5*l**2 - 12. What are the prime factors of m(v)?
3, 11
Suppose 3*a + 44593 = 2*j - 21842, 3*a = -15. What are the prime factors of j?
2, 3, 5, 41
Let r(v) = 2*v**2 - 92*v - 1203. List the prime factors of r(-70).
11, 1367
Let t(i) = i**3 - 15*i**2 + 11*i - 14. Let z(o) = -o**3 + 2*o**2 - 2*o - 6. Let f be z(-2). Let p be t(f). Let b = p + 129. List the prime factors of b.
73
Let o(s) = -s**3 + 27*s**2 - 21*s + 34. Let t be o(19). Suppose 17*q - t + 75 = 0. List the prime factors of q.
2, 3
Let z(g) = -4*g**3 - g**2 - 31*g + 67796. What are the prime factors of z(0)?
2, 17, 997
Let g(s) = 88*s**2 + 1105*s + 13094. What are the prime factors of g(-12)?
2, 13, 37
Suppose -39230 = -l - 31*a, l - 3*a = 26542 + 12450. List the prime factors of l.
13, 3001
Let q be (6 + -8)/(2 - 0). Let t be (-2)/(-5) + q*138/(-30). Suppose p + t*l - 76 = 0, -2*p + p + 103 = -4*l. What are the prime factors of p?
7, 13
List the prime factors of 24154/8 + -5 + 506/88.
2, 5, 151
Suppose 4*h = 5*h + 4, -4*u - 2*h = -8. Let n be ((-12)/(-30))/((-1)/(-10)). Suppose a - t - 127 = u*t, -n*t + 556 = 4*a. What are the prime factors of a?
137
Let f be 99/15 + 4/10. Suppose f = 4*m - 5. Suppose -m*h = 3*k - 21, -2*k + 3*h + 33 + 1 = 0. What are the prime factors of k?
11
Suppose -376*w = -371*w + 3*p - 13251, -5*w = -4*p - 13202. What are the prime factors of w?
2, 3, 7
Suppose -5*k - 23*b = -27*b + 1760, 0 = 2*k - 3*b + 711. Let h = -133 - k. What are the prime factors of h?
5, 43
Suppose -10*a = -6*a - 0*a. Suppose 9*z - z - 2824 = a. List the prime factors of z.
353
Suppose -15*h - 120 = -7*h. List the prime factors of (h/5 - -4 - -2) + 46.
7
Suppose 4*c - 4*j - 332 = 0, -4*j = -3*c + 205 + 39. Let h = c + 166. What are the prime factors of h?
2, 127
Suppose 80 = 12*v + 4*v. Suppose 25 = v*o, -2*u + 5*o + 45 = -420. What are the prime factors of u?
5, 7
Let w(z) = -622*z - 956. What are the prime factors of w(-8)?
2, 3, 5, 67
Suppose 854600 = 145*i + 607046 - 1779981. What are the prime factors of i?
3, 59, 79
Let i be (-2)/(4/3)*(-8224)/48. Let r = 299 - i. List the prime factors of r.
2, 3, 7
Suppose 0 = 2794*x - 2833*x + 1259310. What are the prime factors of x?
2, 5, 3229
Suppose 0 = -4*w - 8, -4*z + 23*w + 21562 = 26*w. What are the prime factors of z?
2, 337
Let b(i) = 57*i + 7. Let s be (1*8)/((-10)/5). Let l be b(s). Let k = 371 + l. List the prime factors of k.
2, 3, 5
Suppose -552*p + 408630 = -542*p. What are the prime factors of p?
3, 53, 257
Let a be (-11 - (-330)/20)/(2/(-220)). List the prime factors of a/66 + 9 - 30099/(-18).
2, 11, 19
Suppose -147 = 3*j + 3*c, 4 = c - 0. Let p = j + 53. List the prime factors of -15 + 15 + p + 32.
2
Let c = 173 + -166. Let b(t) = 143*t + 94. What are the prime factors of b(c)?
3, 5, 73
Suppose -4*d - 16 = -3*d + 5*i, 5*i + 4 = -4*d. Suppose 0 = d*q - 3*o - 1917, 2*q - 969 = -3*o + 8*o. List the prime factors of q.
3, 53
Let u = 19658 + -12896. What are the prime factors of u?
2, 3, 7, 23
Suppose -4*x - 2 = 5*q, -7*q + 4*q + 4 = 5*x. Suppose -b + z = -153, -z - z + 302 = x*b. What are the prime factors of b?
2, 19
Let s = -516 - -526. Let g = 562 + s. What are the prime factors of g?
2, 11, 13
Let r(t) = -310*t - 749. What are the prime factors of r(-12)?
2971
Suppose -t + 97 = 119. Let k(v) be the third derivative of v**6/120 + 11*v**5/30 - v**4/4 - 22*v**3/3 + v**2. What are the prime factors of k(t)?
2, 11
Let f = 4067 + 11336. What are the prime factors of f?
73, 211
Let k(f) = -f**2 - 3*f + 15. Let z be k(-6). Let n(r) be the second derivative of 5*r**4/4 - 7*r**3/6 - 25*r**2/2 - 3*r. What are the prime factors of n(z)?
131
Let l(v) = -15829*v + 952. What are the prime factors of l(-3)?
59, 821
Let n be ((-3 + (-35)/(-10))*1574)/1. Let s = n + -733. What are the prime factors of s?
2, 3
Suppose 0 = 2*a - 72 - 782. Suppose -428*q = -a*q - 974. List the prime factors of q.
2, 487
Let s(z) = 1110*z - 231. Let m(v) = 222*v - 46. Let p(r) = -21*m(r) + 4*s(r). What are the prime factors of p(-3)?
2, 3, 59
Suppose -3*g + 9*g - 3090 = 0. Suppose 0 = 2*h - 0*h + 2*q - 342, -3*h - q + g = 0. List the prime factors of h.
2, 43
List the prime factors of 27/6*67060/15.
2, 3, 7, 479
Let n be (-352 - -3)*-1 - 4. List the prime factors of 6/14 + 62/(-14) + n.
11, 31
Let o be (176/(-40) - (-1 - -1))*5. Let m(f) = -4*f + 161. What are the prime factors of m(o)?
3, 83
Let b(r) = -3*r + 84. Let o be b(27). Suppose -71 = -m + o*x, -x = 3*m - 0*m - 213. List the prime factors of m.
71
Suppose -824 = 3*u - 7*u. Let w = 118 + u. Let q = w + -218. What are the prime factors of q?
2, 53
Suppose -84*v + 64*v = -2040. What are the prime factors of v?
2, 3, 17
Suppose 3*f = j + 4*f - 10, 2*j - 2*f - 16 = 0. Suppose -2*y = 4*g + 32, 0*y + y - 3*g = j. Let h(z) = -z**2 - 8*z + 11. What are the prime factors of h(y)?
23
Let p(f) = 11*f - 28. Let d be p(3). List the prime factors of (132 - -2) + (-1)/(d/10).
2, 3, 11
Let g(z) = -6*z**2 + 2 + 9*z**2 + 12*z**2. Let p be g(8). Suppose 0 = 4*k - 5*l - p, 2*k = 4*k - 5*l - 486. List the prime factors of k.
2, 7, 17
Let d be (-5)/(15/(-12)) - 0. Suppose 5*h - 2 = d*h. Suppose h*w = 3*c - 94, 6*w = -c + w + 37. List the prime factors of c.
2
Let p = -20886 - -32972. List the prime factors of p.
2, 6043
Suppose 4*a - 57*a = -91160. What are the prime factors of a?
2, 5, 43
Let q(d) = -d**2 - d - 7. Let l be q(-3). Let g be (12/20 + l/(-20))*4. Suppose -g*j + 927 = -463. What are the prime factors of j?
2, 139
Let b(c) = -c**2 - c. Let q(u) = 25*u + 110. Let n(d) = -b(d) + q(d). What are the prime factors of n(-29)?
197
Suppose t + 0*t = -5*b + 3347, -4*b = -5*t - 2695. Let h = -407 + b. Suppose -5*p = -h - 342. List the prime factors of p.
11
What are the prime factors of (-55)/(-5) + -3 + 16291*(-2)/(-2)?
3, 1811
List the prime factors of 7546 + (-6)/27*9.
2, 23, 41
Let l be (14/2)/(17/17). Suppose s + 4*x = -0*s + 21, s - 3*x = l. Let d(w) = 3*w - 32. What are the prime factors of d(s)?
7
Let u(y) = 282*y + 224. Let r be u(-5). Let b = r - -1997. List the prime factors of b.
811
Let f = 21 + -16. Let o be -4 - -7 - (2 - f). Suppose -3*v = r - 57, -o*r + r + 335 = 5*v. What are the prime factors of r?
2, 3
Let x be 10*(-5)/(-4)*10/25. Suppose 3*a - 2*d + 2 = 8, 8 = 4*a - x*d. Suppose -a*w + 5*i + 482 = 0, 0*w - 4*w - 5*i = -904. What are the prime factors of w?
3, 7, 11
Let p(q) = 9*q**2 + 21*q + 82. Let s be p(-4). Suppose -d = -2*z + d + 124, 0 = 5*z + 3*d - 334. Let g = s - z. What are the prime factors of g?
7, 11
Let a = 46 + -39. Suppose w - a = y, 0 = 2*w - 6*y + 3*y - 17. Suppose -4*g + 2*p = -202, 0 = -w*g - p - 92 + 285. What are the prime factors of g?
7
Suppose 229*w + 435 = 234*w. List the prime factors of w.
3, 29
Let c be (230/(-30) + 11)/(4/1986). Let y = -899 + c. List the prime factors of y.
2, 3, 7
Suppose -v - 20*o + 21*o + 2843 = 0, 4*o - 12 = 0. List the prime factors of v.
2, 1423
Suppose 7751 = -4*p - 5*r + 30360, -4*r = 2*p - 11306. List the prime factors of p.
5651
Let b = -200 + 197. Let x(r) = -20 - 11*r + 13*r - 61*r. List the prime factors of x(b).
157
Let z(f) = 15*f + 23. Let a be z(9). Suppose 1409 = 9*r + a. Suppose 0 = 3*c + l - r, -5 = -0*l - 5*l. What are the prime factors of c?
2, 23
List the prime factors of ((-16618)/(-10))/(16 - (-1817)/(-115)).
7, 1187
Let y = 4907 + 43749. List the prime factors of y.
2, 3041
Let b = -9335 - -25247. What are the prime factors of b?
2, 3, 13, 17
Suppose q - 13*o - 30 = -15*o, o - 54 = -2*q. Suppose -5*n - 998 + 198 = 0. Let x = q - n. List the prime factors of x.
2, 3, 31
Let j(o) = 3224*o**2 + 7*o + 9. Let l be j(-1). Suppose l + 4034 = 30*c. What are the prime factors of c?
2, 11
Let k be (0/2 - 1)*-1. Let y be (-460)/(-25)*(4/8 + 2). Let g = y + k. What are the prime factors of g?
47
Let m be (